{"id":46,"date":"2014-11-26T22:42:26","date_gmt":"2014-11-26T22:42:26","guid":{"rendered":"http:\/\/fellerschach.lipp-bieri.ch\/?page_id=46"},"modified":"2024-10-18T10:10:47","modified_gmt":"2024-10-18T08:10:47","slug":"kontakt","status":"publish","type":"page","link":"https:\/\/fellerschach.lipp-bieri.ch\/?page_id=46","title":{"rendered":"Kontakt"},"content":{"rendered":"<p>Wir w\u00fcrden uns freuen, weitere MitarbeiterInnen an unseren Schachabenden begr\u00fcssen zu d\u00fcrfen.\u00a0Weitere Informationen erhalten Sie bei:<\/p>\n<p>Georges Lipp<\/p>\n<p><a href=\"mailto:georges.lipp@feller.ch\">georges.lipp@feller.ch<\/a><\/p>\n<p>Telefon : +41 43 547 61 91<\/p>\n<p><strong>Wir sind auch in VIVA ENGAGE !!!\u00a0<\/strong><\/p>\n<p>&#8211;&gt; <a href=\"https:\/\/engage.cloud.microsoft\/main\/groups\/eyJfdHlwZSI6Ikdyb3VwIiwiaWQiOiIxMjI0OTg1NCJ9\/all\" target=\"_blank\" rel=\"noopener\">Viva Engage &#8211; Chess(at)Feller<\/a>\u00a0 (Nur von PC&#8217;s im Schneider Firmennetz zug\u00e4nglich)<\/p>\n\n\n<p><\/p>\n","protected":false},"excerpt":{"rendered":"<p>Wir w\u00fcrden uns freuen, weitere MitarbeiterInnen an unseren Schachabenden begr\u00fcssen zu d\u00fcrfen.\u00a0Weitere Informationen erhalten Sie bei: Georges Lipp georges.lipp@feller.ch Telefon : +41 43 547 61 91 Wir sind auch in VIVA ENGAGE !!!\u00a0 &#8211;&gt; Viva Engage &#8211; Chess(at)Feller\u00a0 (Nur von PC&#8217;s im Schneider Firmennetz zug\u00e4nglich)<\/p>\n","protected":false},"author":1,"featured_media":0,"parent":0,"menu_order":4,"comment_status":"closed","ping_status":"closed","template":"","meta":{"footnotes":""},"class_list":["post-46","page","type-page","status-publish","hentry"],"_links":{"self":[{"href":"https:\/\/fellerschach.lipp-bieri.ch\/index.php?rest_route=\/wp\/v2\/pages\/46","targetHints":{"allow":["GET"]}}],"collection":[{"href":"https:\/\/fellerschach.lipp-bieri.ch\/index.php?rest_route=\/wp\/v2\/pages"}],"about":[{"href":"https:\/\/fellerschach.lipp-bieri.ch\/index.php?rest_route=\/wp\/v2\/types\/page"}],"author":[{"embeddable":true,"href":"https:\/\/fellerschach.lipp-bieri.ch\/index.php?rest_route=\/wp\/v2\/users\/1"}],"replies":[{"embeddable":true,"href":"https:\/\/fellerschach.lipp-bieri.ch\/index.php?rest_route=%2Fwp%2Fv2%2Fcomments&post=46"}],"version-history":[{"count":14,"href":"https:\/\/fellerschach.lipp-bieri.ch\/index.php?rest_route=\/wp\/v2\/pages\/46\/revisions"}],"predecessor-version":[{"id":718,"href":"https:\/\/fellerschach.lipp-bieri.ch\/index.php?rest_route=\/wp\/v2\/pages\/46\/revisions\/718"}],"wp:attachment":[{"href":"https:\/\/fellerschach.lipp-bieri.ch\/index.php?rest_route=%2Fwp%2Fv2%2Fmedia&parent=46"}],"curies":[{"name":"wp","href":"https:\/\/api.w.org\/{rel}","templated":true}]}}